*p**2 - 1497*p + 54. What is i(44)?
10
Let w(h) = h**3 + 48*h**2 + 96*h + 206. What is w(-46)?
22
Let c(w) = -443*w + 2230. Determine c(5).
15
Let i(w) = -31*w + 153. Calculate i(24).
-591
Let s(u) = 24*u - 276. Calculate s(14).
60
Let v(c) = -16*c**2 + 11*c + 3. Determine v(3).
-108
Let l(i) = 157*i**3 - 6*i**2 + 3*i + 2. Give l(1).
156
Let w(y) = -y**3 - 69*y**2 + 64*y - 419. Calculate w(-70).
1
Let d(i) = -i**3 + 8*i**2 - i + 38. Determine d(6).
104
Let v(w) = 43*w - 3359. Calculate v(74).
-177
Let x(t) = 33*t**2 + 398*t + 16. Determine x(-12).
-8
Let k(x) = -2*x**2 - 32*x - 84. Calculate k(-3).
-6
Let c(u) = 4*u**2 + 293*u + 309. Give c(-72).
-51
Let p(b) = 401*b + 94221. Calculate p(-235).
-14
Let t(s) = s**3 - s**2 + 5*s - 19. What is t(0)?
-19
Let y(m) = -m**3 - 12*m**2 - 16*m + 10. Calculate y(-11).
65
Let j(z) = 80*z + 806. Determine j(-10).
6
Let p(s) = 6*s + 228. Determine p(-27).
66
Let m(v) = v**3 - 37*v**2 - 52*v + 4269. Calculate m(35).
-1
Let r(o) = o**2 - 119*o + 456. Calculate r(115).
-4
Let n(i) = i**3 + 8*i**2 + 21*i + 276. Determine n(-9).
6
Let l(c) = -c**2 + 15*c + 241. What is l(26)?
-45
Let a(x) = -x**2 - 30*x + 119. Give a(-33).
20
Let p(u) = 4*u**3 - 30*u**2 - 25*u + 285. Give p(7).
12
Let q(n) = 2*n**2 - 2434*n + 2435. What is q(1)?
3
Let u(i) = 4*i**2 + 83*i - 447. Calculate u(5).
68
Let i(r) = 16*r**2 + 815*r - 50. Determine i(-51).
1
Let w(z) = 7*z**2 - 365*z - 1501. Calculate w(56).
11
Let a(o) = -6*o**2 - 369*o - 539. Determine a(-60).
1
Let j(t) = -4*t**3 - 673*t**2 - 836*t - 168. Give j(-167).
-1
Let l(c) = -241*c + 7711. Calculate l(32).
-1
Let x(c) = 4*c**2 - 137*c + 270. What is x(32)?
-18
Let g(j) = 3*j**3 + 40*j**2 + 49*j - 1. Give g(-12).
-13
Let a(p) = -34*p**3 - p**2 - 7*p - 6. Determine a(-1).
34
Let o(y) = -2*y**3 - 50*y**2 - 252*y - 3. Give o(-18).
-3
Let w(d) = 2*d**2 + 172*d + 2326. Determine w(-15).
196
Let w(s) = 13*s**2 + 645*s + 207. What is w(-49)?
-185
Let n(j) = 10*j**2 - 428*j - 2166. What is n(-5)?
224
Let y(t) = 4*t**2 + 55*t - 53. Give y(-16).
91
Let b(v) = -124*v + 1590. Give b(13).
-22
Let l(a) = -a**3 - 32*a**2 - 88*a + 65. Determine l(-29).
94
Let q(c) = 5*c**2 - 483*c + 291. Determine q(96).
3
Let x(w) = -7*w**2 - 23*w - 33. What is x(-4)?
-53
Let x(q) = -q**2 - 3*q + 1681. Give x(-42).
43
Let g(a) = a**2 - 10960*a - 10961. What is g(-1)?
0
Let c(p) = 45*p - 420. Determine c(6).
-150
Let i(q) = 23*q - 14. Calculate i(2).
32
Let w(j) = -2*j**2 + 135*j + 885. What is w(-6)?
3
Let a(j) = 3220*j - 77275. Calculate a(24).
5
Let b(y) = -y**3 - 13*y**2 - 28*y + 42. Give b(-8).
-54
Let b(i) = -31*i + 264. Give b(8).
16
Let z(a) = -4*a**3 - 28*a**2 + 64*a - 21. What is z(2)?
-37
Let o(w) = -2*w**2 - 2340*w - 36925. Determine o(-16).
3
Let d(z) = -z**3 + 90*z**2 - 89*z + 4. Determine d(89).
4
Let i(c) = -c**2 + 30*c - 38. Determine i(27).
43
Let y(b) = -2*b**2 - 194*b + 1441. What is y(7)?
-15
Let m(v) = v**2 + 22*v - 111. Determine m(-21).
-132
Let u(y) = 3*y**2 + 61*y + 295. Determine u(-10).
-15
Let b(o) = -25*o**2 + 10*o - 31. What is b(4)?
-391
Let u(o) = -o**3 + 39*o**2 + 138*o. Calculate u(-3).
-36
Let m(l) = -404*l**3 + 2*l**2 - 33*l - 34. Determine m(-1).
405
Let w(r) = -r**2 + 9*r - 9. Determine w(9).
-9
Let r(p) = p**2 - 451*p + 18632. Give r(46).
2
Let u(q) = -13*q + 37. What is u(7)?
-54
Let i(v) = 2*v**3 + v**2 + 48*v - 144. What is i(3)?
63
Let c(t) = -t**2 + 85*t + 83. Give c(0).
83
Let m(y) = -2*y**3 + 68*y**2 + 9*y - 303. Calculate m(34).
3
Let d(l) = 330*l + 648. Determine d(-2).
-12
Let a(h) = -82*h**2 + 13*h - 3. Give a(2).
-305
Let c(q) = -q**3 - 8*q**2 - 29*q - 89. Determine c(-5).
-19
Let d(i) = -39*i - 72. Give d(-2).
6
Let p(z) = -z**3 - 5*z**2 - 12*z - 65. Calculate p(-5).
-5
Let c(y) = 36*y**3 + y**2 - 6*y + 1. What is c(-1)?
-28
Let p(v) = 11*v**3 - 3*v**2 - 10*v + 2. What is p(-2)?
-78
Let u(l) = -22*l + 83. What is u(3)?
17
Let o(w) = 1033*w + 18608. What is o(-18)?
14
Let u(s) = 66*s + 37. Calculate u(-1).
-29
Let t(w) = -61*w + 315. Give t(9).
-234
Let y(n) = -15*n**2 + 507*n - 7. Calculate y(34).
-109
Let u(h) = h**2 - 43*h + 250. Determine u(5).
60
Let b(d) = 1425*d - 8501. Calculate b(6).
49
Let v(l) = -25*l + 1135. Determine v(55).
-240
Let v(z) = z**3 + 3*z**2 - 8*z + 6. What is v(1)?
2
Let q(p) = 49*p**2 + 30*p + 29. Calculate q(-1).
48
Let y(k) = -1187*k - 1907. Determine y(-2).
467
Let n(d) = -112*d - 7. Give n(1).
-119
Let t(c) = -800*c + 4008. Calculate t(5).
8
Let k(a) = 8*a**2 + 30*a - 52. Calculate k(2).
40
Let l(g) = -g**3 - 19*g**2 - 29*g + 152. Determine l(-13).
-485
Let n(c) = 35*c - 136. Calculate n(3).
-31
Let q(k) = 6*k - 277. Calculate q(46).
-1
Let j(w) = -w**3 - 5*w**2 - 19*w - 28. What is j(-2)?
-2
Let n(d) = -14*d**2 + 241*d - 281. Determine n(16).
-9
Let p(f) = f**3 + 279*f**2 + 19432*f + 284. Calculate p(-145).
-6
Let p(q) = -3*q**2 + 227*q - 251. Calculate p(74).
119
Let c(v) = -5*v**2 - 33*v + 12. Determine c(-6).
30
Let t(q) = 5*q + 101. Give t(-13).
36
Let x(h) = 81*h - 95. Calculate x(6).
391
Let n(j) = 3*j**3 + 44*j**2 - 82*j - 1522. Give n(-14).
18
Let v(b) = b**2 + 141*b + 2006. Determine v(-16).
6
Let u(s) = -20*s + 435. What is u(14)?
155
Let z(o) = -9*o + 408. Give z(26).
174
Let c(i) = 5*i - 110. What is c(14)?
-40
Let y(v) = 59*v + 932. Give y(-13).
165
Let x(z) = -z**3 - 31*z**2 + 44*z + 11. Give x(-32).
-373
Let i(s) = -4*s**2 - 55*s + 9. Calculate i(-14).
-5
Let a(f) = 2824*f - 93205. Calculate a(33).
-13
Let b(v) = -v**3 - 60*v**2 + 7*v + 392. What is b(-60)?
-28
Let f(c) = -6*c**2 - 46*c - 231. Determine f(-12).
-543
Let d(s) = 364*s + 2561. Give d(-7).
13
Let m(g) = -23*g + 87. Calculate m(8).
-97
Let g(k) = -15*k**3 + 26*k**2 - 51*k - 79. Calculate g(-1).
13
Let z(w) = -10*w**3 + 8*w**2 + 10*w + 1. Give z(-1).
9
Let i(j) = 126*j - 1165. Determine i(9).
-31
Let v(a) = 9*a**2 - 110*a + 9. Calculate v(12).
-15
Let c(q) = 619*q - 2598. Determine c(4).
-122
Let i(w) = w**3 + 21*w**2 + 7*w - 17. Calculate i(-20).
243
Let t(l) = 137*l - 573. What is t(4)?
-25
Let b(g) = 5*g**2 + 65*g - 1693. Give b(-26).
-3
Let u(o) = -85*o - 51. Determine u(-1).
34
Let r(l) = 2*l**3 - 19*l**2 + 9*l + 19. Give r(9).
19
Let p(r) = -r**2 + 31*r - 85. Determine p(26).
45
Let z(p) = -1257*p + 16406. Determine z(13).
65
Let w(n) = n**2 + 3*n + 26. Calculate w(8).
114
Let x(n) = -359*n + 2174. Determine x(6).
20
Let i(g) = 7*g**2 - 198*g + 79. Give i(28).
23
Let i(u) = -3156*u + 1. What is i(0)?
1
Let b(l) = -773*l**2 + 31694*l - 35. What is b(41)?
6
Let a(g) = g**3 + 23*g**2 - 200*g - 37. What is a(7)?
33
Let h(u) = -54*u - 224. Determine h(-9).
262
Let o(y) = y**2 - 7*y + 12. Calculate o(7).
12
Let h(a) = -3233*a - 3185. Determine h(-1).
48
Let u(x) = x**3 + 30*x**2 - 105*x - 204. Give u(-33).
-6
Let t(z) = -427*z + 16152. Calculate t(38).
-74
Let d(q) = -34*q + 989. Give d(28).
37
Let z(l) = -l**3 - 6*l**2 - 51*l + 2. Determine z(-6).
308
Let l(f) = 3*f**3 + 23*f**2 - 24*f - 112. Give l(-8).
16
Let w(m) = -8*m**2 - 235*m - 464. Calculate w(-2).
-26
Let m(v) = 2499*v - 17501. What is m(7)?
-8
Let r(j) = -2*j**3 - 12*j**2 - 4*j - 49. What is r(-6)?
-25
Let m(s) = -425*s - 5517. What is m(-13)?
8
Let w(n) = 820*n + 20515. Calculate w(-25).
15
Let r(a) = a**3 + 16*a**2 - 23*a. Determine r(-16).
368
Let l(t) = t**3 + 46*t**2 + 83*t - 210. Calculate l(-44).
10
Let n(m) = 102*m - 2968. What is n(29)?
-10
Let u(g) = -3*g**2 + 7*g - 27. Determine u(-5).
-137
Let g(h) = 18*h**3 + 3022*h**2 - 341*h - 839. Determine g(-168).
1
Let n(k) = 260*k - 25. Give n(-1).
-285
Let m(h) = h**3 - 60*h**2 + h - 12. Calculate m(60).
48
Let b(t) = 9922*t + 436565. Give b(-44).
-3
Let q(y) = 107*y + 3525. What is q(-33)?
-6
Let i(l) = l**2 + 35*l + 267. What is i(-13)?
-19
Let o(g) = 1564*g + 43797. Determine o(-28).
5
Let k(n) = n**2 - 548*n - 153409. What is k(-204)?
-1
Let y(x) = x**2 - 72*x - 594. What is y(80)?
46
Let d(s) = -369*s + 2032. Calculate d(6).
-182
Let k(a) = -30*a**2 - 34*a - 195. Calculate k(-5).
-775
Let r(y) = 134*y + 8100. Determine r(-61).
-74
Let c(k) = 11*k**3 + 77*k**2 - 17*k - 119. Give c(-7).
0
Let x(a) = -a**2 - 76*a - 863. Determine x(-62).
5
Let c(l) = l**3 - 28*l**2 - 121*l - 69. What is c(32)?
155
Let y(s) = 30*s**2 - 930*s + 2. 